{"id":1872,"date":"2020-10-16T02:32:29","date_gmt":"2020-10-16T05:32:29","guid":{"rendered":"https:\/\/frentenacionalperonista.com.ar\/web\/?page_id=1872"},"modified":"2023-10-04T13:13:51","modified_gmt":"2023-10-04T16:13:51","slug":"nosotros","status":"publish","type":"page","link":"https:\/\/frentenacionalperonista.com.ar\/web\/nosotros\/","title":{"rendered":"NOSOTROS"},"content":{"rendered":"<p>[et_pb_section fb_built=\u00bb1&#8243; fullwidth=\u00bbon\u00bb admin_label=\u00bbHeader Section\u00bb _builder_version=\u00bb4.4.7&#8243; background_color=\u00bb#000000&#8243; custom_padding=\u00bb|||\u00bb collapsed=\u00bboff\u00bb][et_pb_fullwidth_header title=\u00bbFRENTE NACIONAL PERONISTA\u00bb text_orientation=\u00bbcenter\u00bb header_fullscreen=\u00bbon\u00bb header_scroll_down=\u00bbon\u00bb scroll_down_icon=\u00bb%%2%%\u00bb scroll_down_icon_color=\u00bb#ffffff\u00bb background_overlay_color=\u00bbrgba(0,0,0,0.4)\u00bb content_max_width_last_edited=\u00bboff|desktop\u00bb admin_label=\u00bbContents\u00bb _builder_version=\u00bb4.4.7&#8243; title_font=\u00bbOswald|||on|\u00bb title_text_align=\u00bbcenter\u00bb title_text_color=\u00bb#ffffff\u00bb title_font_size=\u00bb80px\u00bb title_letter_spacing=\u00bb0.05em\u00bb title_line_height=\u00bb1.5em\u00bb subhead_font=\u00bbNunito|600|||||||\u00bb subhead_font_size=\u00bb20px\u00bb subhead_line_height=\u00bb1.9em\u00bb background_image=\u00bbhttps:\/\/frentenacionalperonista.com.ar\/web\/wp-content\/uploads\/2020\/05\/WhatsApp-Image-2020-05-29-at-19.53.33.jpeg\u00bb parallax=\u00bbon\u00bb background_enable_video_mp4=\u00bboff\u00bb custom_button_one=\u00bbon\u00bb button_one_text_size=\u00bb15px\u00bb button_one_bg_color=\u00bb#dca57d\u00bb button_one_border_width=\u00bb10px\u00bb button_one_border_color=\u00bb#dca57d\u00bb button_one_border_radius=\u00bb0px\u00bb button_one_letter_spacing=\u00bb3px\u00bb button_one_font=\u00bbOswald|||on|\u00bb button_one_use_icon=\u00bboff\u00bb custom_padding=\u00bb||0px|||\u00bb animation_style=\u00bbfade\u00bb animation_starting_opacity=\u00bb50%\u00bb animation_speed_curve=\u00bbease-in\u00bb title_font_size_tablet=\u00bb60px\u00bb title_font_size_phone=\u00bb40px\u00bb title_font_size_last_edited=\u00bbon|desktop\u00bb button_one_border_color_hover=\u00bb#c99872&#8243; button_one_border_radius_hover=\u00bb0px\u00bb button_one_letter_spacing_hover=\u00bb3px\u00bb button_one_bg_color_hover=\u00bb#c99872&#8243; button_one_text_size__hover_enabled=\u00bboff\u00bb button_two_text_size__hover_enabled=\u00bboff\u00bb button_one_text_color__hover_enabled=\u00bboff\u00bb button_two_text_color__hover_enabled=\u00bboff\u00bb button_one_border_width__hover_enabled=\u00bboff\u00bb button_two_border_width__hover_enabled=\u00bboff\u00bb button_one_border_color__hover_enabled=\u00bbon\u00bb button_one_border_color__hover=\u00bb#c99872&#8243; button_two_border_color__hover_enabled=\u00bboff\u00bb button_one_border_radius__hover_enabled=\u00bbon\u00bb button_one_border_radius__hover=\u00bb0px\u00bb button_two_border_radius__hover_enabled=\u00bboff\u00bb button_one_letter_spacing__hover_enabled=\u00bbon\u00bb button_one_letter_spacing__hover=\u00bb3px\u00bb button_two_letter_spacing__hover_enabled=\u00bboff\u00bb button_one_bg_color__hover_enabled=\u00bbon\u00bb button_one_bg_color__hover=\u00bb#c99872&#8243; button_two_bg_color__hover_enabled=\u00bboff\u00bb][\/et_pb_fullwidth_header][\/et_pb_section][et_pb_section fb_built=\u00bb1&#8243; _builder_version=\u00bb4.4.7&#8243; custom_padding=\u00bb||0px|||\u00bb][et_pb_row _builder_version=\u00bb4.4.7&#8243;][et_pb_column type=\u00bb4_4&#8243; _builder_version=\u00bb4.4.7&#8243;][et_pb_text admin_label=\u00bbTittle\u00bb _builder_version=\u00bb4.4.7&#8243; text_text_color=\u00bb#000000&#8243; header_2_font=\u00bbOswald|||on|||||\u00bb header_2_text_align=\u00bbcenter\u00bb header_2_font_size=\u00bb40px\u00bb header_2_letter_spacing=\u00bb2px\u00bb header_2_line_height=\u00bb1.5em\u00bb background_layout=\u00bbdark\u00bb max_width=\u00bb1100px\u00bb module_alignment=\u00bbcenter\u00bb custom_margin=\u00bb-20px|||||\u00bb]<\/p>\n<h2><span style=\"color: #54565a; font-size: 40px;\">Un espacio de Pol\u00edtica y Gesti\u00f3n<\/span><\/h2>\n<p>[\/et_pb_text][et_pb_text disabled_on=\u00bboff|off|off\u00bb admin_label=\u00bbtexts\u00bb _builder_version=\u00bb4.4.7&#8243; text_font=\u00bbNunito||||||||\u00bb text_text_color=\u00bb#ffffff\u00bb text_font_size=\u00bb18px\u00bb text_line_height=\u00bb1.8em\u00bb header_font=\u00bbOswald||||\u00bb header_font_size=\u00bb16px\u00bb header_letter_spacing=\u00bb2px\u00bb header_line_height=\u00bb1.7em\u00bb text_orientation=\u00bbcenter\u00bb width=\u00bb100%\u00bb max_width=\u00bb800px\u00bb max_width_tablet=\u00bb\u00bb max_width_phone=\u00bb\u00bb max_width_last_edited=\u00bbon|phone\u00bb module_alignment=\u00bbcenter\u00bb custom_margin=\u00bb-30px|||\u00bb custom_padding=\u00bb||||false|false\u00bb]<\/p>\n<p style=\"text-align: justify;\"><span style=\"color: #000000;\">Fue impulsado por el <strong>Dr. N\u00e9stor Kirchner<\/strong>, quien so\u00f1aba con un espacio en el que peronistas, j\u00f3venes, intelectuales, empresarios, acad\u00e9micos y pol\u00edticos, pudieran reunirse para profundizar el camino hacia una Argentina nacional y popular.\u00a0<\/span><span style=\"color: #000000;\"><strong>Desde el a\u00f1o 2010 funcionamos como un espacio de debate, encuentro y reflexi\u00f3n<\/strong>, que busca proyectar pol\u00edticas p\u00fablicas inclusivas, generando nuevos modos de hacer gesti\u00f3n, para poder cambiar la realidad de todos los argentinos.\u00a0\u00a0<\/span><span style=\"color: #000000;\">Buscamos <strong>propiciar la iniciativa de seguir transformando y generando los cuadros pol\u00edticos que la patria necesita<\/strong>, construyendo espacios para la reflexi\u00f3n y elaboraci\u00f3n de ideas, que permitan un presente m\u00e1s s\u00f3lido y un futuro promisorio.<\/span><\/p>\n<p style=\"text-align: justify;\"><span style=\"color: #000000;\">Nos vemos en la obligaci\u00f3n de <strong>continuar con la profundizaci\u00f3n del modelo nacional de participaci\u00f3n popular<\/strong>, en pos de nuevos desaf\u00edos, con perspectivas de planificaci\u00f3n y como generador de oportunidades.\u00a0<\/span><span style=\"color: #000000;\">Tenemos la convicci\u00f3n de que\u00a0solo <strong>la organizaci\u00f3n vence al tiempo<\/strong>, garantizando la profundizaci\u00f3n de esta transformaci\u00f3n y acerc\u00e1ndonos a una Argentina m\u00e1s justa, libre y soberana.\u00a0Los invitamos a sumarse a este proyecto, para que podamos entre todos, consolidar una Argentina m\u00e1s unida.<\/span><\/p>\n<p>[\/et_pb_text][et_pb_text _builder_version=\u00bb4.4.7&#8243; text_font=\u00bbOswald|300|||||||\u00bb text_font_size=\u00bb18px\u00bb text_line_height=\u00bb1.3em\u00bb text_orientation=\u00bbjustified\u00bb text_font_tablet=\u00bb\u00bb text_font_phone=\u00bb\u00bb text_font_last_edited=\u00bbon|desktop\u00bb inline_fonts=\u00bbOswald\u00bb][\/et_pb_text][\/et_pb_column][\/et_pb_row][\/et_pb_section][et_pb_section fb_built=\u00bb1&#8243; disabled_on=\u00bboff|off|off\u00bb _builder_version=\u00bb4.4.7&#8243; background_color=\u00bb#ffffff\u00bb custom_padding=\u00bb11px||17px|||\u00bb][et_pb_row _builder_version=\u00bb4.4.7&#8243;][et_pb_column type=\u00bb4_4&#8243; _builder_version=\u00bb4.4.7&#8243;][et_pb_text admin_label=\u00bbTittle\u00bb _builder_version=\u00bb4.4.7&#8243; text_text_color=\u00bb#000000&#8243; header_2_font=\u00bbOswald|||on|||||\u00bb header_2_text_align=\u00bbcenter\u00bb header_2_font_size=\u00bb40px\u00bb header_2_letter_spacing=\u00bb2px\u00bb header_2_line_height=\u00bb1.5em\u00bb background_layout=\u00bbdark\u00bb max_width=\u00bb1100px\u00bb module_alignment=\u00bbcenter\u00bb custom_margin=\u00bb-20px|||||\u00bb]<\/p>\n<h2><span style=\"color: #54565a; font-size: 40px;\">Nuestro Lugar<\/span><\/h2>\n<p>[\/et_pb_text][et_pb_gallery gallery_ids=\u00bb2203,2206,2204,2205,2207,2208,2209,2210,2211,2212,2213,2214&#8243; fullwidth=\u00bbon\u00bb _builder_version=\u00bb4.4.7&#8243; title_text_color=\u00bbrgba(0,0,0,0)\u00bb pagination_text_color=\u00bbrgba(0,0,0,0)\u00bb background_layout=\u00bbdark\u00bb width=\u00bb80%\u00bb module_alignment=\u00bbcenter\u00bb][\/et_pb_gallery][\/et_pb_column][\/et_pb_row][\/et_pb_section][et_pb_section fb_built=\u00bb1&#8243; _builder_version=\u00bb4.4.7&#8243; background_color=\u00bb#ffffff\u00bb custom_padding=\u00bb22px|||||\u00bb][et_pb_row _builder_version=\u00bb4.4.7&#8243;][et_pb_column type=\u00bb4_4&#8243; _builder_version=\u00bb4.4.7&#8243;][et_pb_text admin_label=\u00bbTittle\u00bb _builder_version=\u00bb4.4.7&#8243; text_text_color=\u00bb#000000&#8243; header_2_font=\u00bbOswald|||on|||||\u00bb header_2_text_align=\u00bbcenter\u00bb header_2_font_size=\u00bb40px\u00bb header_2_letter_spacing=\u00bb2px\u00bb header_2_line_height=\u00bb1.5em\u00bb background_layout=\u00bbdark\u00bb max_width=\u00bb1100px\u00bb module_alignment=\u00bbcenter\u00bb custom_margin=\u00bb-20px|||||\u00bb]<\/p>\n<h2><span style=\"color: #54565a; font-size: 40px;\">Momentos Destacados<\/span><\/h2>\n<p>[\/et_pb_text][et_pb_code _builder_version=\u00bb4.4.7&#8243; hover_enabled=\u00bb0&#8243;]\r\n<div class=\"timeline-vertical-7 timeline-ver-7-timeline js-timeline-ver-7-timeline timeline-post-2184\" id=\"vertical-background\">\r\n\t<div class=\"timeline-ver-7-timeline__container\">\r\n\t \t  \t<div class=\"timeline-ver-7-timeline__block js-timeline-ver-7-block\">\r\n\t\t\t<div class=\"timeline-ver-7-timeline__img timeline-ver-7-timeline__img--picture js-timeline-ver-7-img\">\r\n\t\t\t\t<i class=\"icon-vertical7 \"><\/i>\r\n\t\t\t<\/div>\r\n\r\n\t\t\t<div class=\"timeline-ver-7-timeline__content js-timeline-ver-7-content\">\r\n\t\t\t  \t<span class=\"timeline-ver-7-timeline__date timeline-info mobile\">\r\n\t\t\t  \t\t2010\t\t\t  \t<\/span>\r\n\t\t\t  \t<h2 class=\"timeline-title mobile\">N\u00e9stor Kirchner inaugura  el Frente Nacional Peronista <\/h2>\r\n\t\t\t\t<div class=\"timeline-img\">\r\n\t\t\t  \t\t\t\t\t  \t<\/div>\r\n\t\t\t  \t<p class=\"timeline-text\">El 9 de septiembre inauguramos el Frente Nacional Peronista con los discursos de N\u00e9stor Kirchner y Julio Pereyra.\r\n\r\n<iframe width=\"560\" height=\"315\" src=\"https:\/\/www.youtube-nocookie.com\/embed\/yOFlgbWPTvg\" title=\"YouTube video player\" frameborder=\"0\" allow=\"accelerometer; autoplay; clipboard-write; encrypted-media; gyroscope; picture-in-picture\" allowfullscreen><\/iframe><\/p>\r\n\t\t\t  \t<span class=\"timeline-ver-7-timeline__date timeline-info\">\r\n\t\t\t  \t\t2010\t\t\t  \t<\/span>\r\n\t\t\t  \t<h2 class=\"timeline-title\">N\u00e9stor Kirchner inaugura  el Frente Nacional Peronista <\/h2>\r\n\t\t\t<\/div> \r\n\t\t\t<!-- timeline-ver-7-timeline__content -->\r\n\t  \t<\/div>\r\n\t  \t  \t<div class=\"timeline-ver-7-timeline__block js-timeline-ver-7-block\">\r\n\t\t\t<div class=\"timeline-ver-7-timeline__img timeline-ver-7-timeline__img--picture js-timeline-ver-7-img\">\r\n\t\t\t\t<i class=\"icon-vertical7 \"><\/i>\r\n\t\t\t<\/div>\r\n\r\n\t\t\t<div class=\"timeline-ver-7-timeline__content js-timeline-ver-7-content\">\r\n\t\t\t  \t<span class=\"timeline-ver-7-timeline__date timeline-info mobile\">\r\n\t\t\t  \t\t2020\t\t\t  \t<\/span>\r\n\t\t\t  \t<h2 class=\"timeline-title mobile\">Lanzamiento de la Escuela de Gobierno<\/h2>\r\n\t\t\t\t<div class=\"timeline-img\">\r\n\t\t\t  \t\t\t\t\t  \t<\/div>\r\n\t\t\t  \t<p class=\"timeline-text\">El 11 de Junio inauguramos la primera edici\u00f3n de la Escuela de Gobierno del Frente Nacional Peronista.<\/p>\r\n\t\t\t  \t<span class=\"timeline-ver-7-timeline__date timeline-info\">\r\n\t\t\t  \t\t2020\t\t\t  \t<\/span>\r\n\t\t\t  \t<h2 class=\"timeline-title\">Lanzamiento de la Escuela de Gobierno<\/h2>\r\n\t\t\t<\/div> \r\n\t\t\t<!-- timeline-ver-7-timeline__content -->\r\n\t  \t<\/div>\r\n\t  \t  \t<div class=\"timeline-ver-7-timeline__block js-timeline-ver-7-block\">\r\n\t\t\t<div class=\"timeline-ver-7-timeline__img timeline-ver-7-timeline__img--picture js-timeline-ver-7-img\">\r\n\t\t\t\t<i class=\"icon-vertical7 \"><\/i>\r\n\t\t\t<\/div>\r\n\r\n\t\t\t<div class=\"timeline-ver-7-timeline__content js-timeline-ver-7-content\">\r\n\t\t\t  \t<span class=\"timeline-ver-7-timeline__date timeline-info mobile\">\r\n\t\t\t  \t\t\t\t\t  \t<\/span>\r\n\t\t\t  \t<h2 class=\"timeline-title mobile\">Acto de cierre de la primera edici\u00f3n de la Escuela de Gobierno<\/h2>\r\n\t\t\t\t<div class=\"timeline-img\">\r\n\t\t\t  \t\t\t\t\t  \t<\/div>\r\n\t\t\t  \t<p class=\"timeline-text\">El 2 de diciembre realizamos el acto de cierre de la primera edici\u00f3n de la Escuela de Gobierno en la cual se inscribieron m\u00e1s de 1600 compa\u00f1eras y compa\u00f1eros. Compartimos las palabras de los dirigentes y acad\u00e9micos que formaron parte del ciclo 2020 de nuestra Escuela de Gobierno.<\/p>\r\n\t\t\t  \t<span class=\"timeline-ver-7-timeline__date timeline-info\">\r\n\t\t\t  \t\t\t\t\t  \t<\/span>\r\n\t\t\t  \t<h2 class=\"timeline-title\">Acto de cierre de la primera edici\u00f3n de la Escuela de Gobierno<\/h2>\r\n\t\t\t<\/div> \r\n\t\t\t<!-- timeline-ver-7-timeline__content -->\r\n\t  \t<\/div>\r\n\t  \t  \t<div class=\"timeline-ver-7-timeline__block js-timeline-ver-7-block\">\r\n\t\t\t<div class=\"timeline-ver-7-timeline__img timeline-ver-7-timeline__img--picture js-timeline-ver-7-img\">\r\n\t\t\t\t<i class=\"icon-vertical7 \"><\/i>\r\n\t\t\t<\/div>\r\n\r\n\t\t\t<div class=\"timeline-ver-7-timeline__content js-timeline-ver-7-content\">\r\n\t\t\t  \t<span class=\"timeline-ver-7-timeline__date timeline-info mobile\">\r\n\t\t\t  \t\t2021\t\t\t  \t<\/span>\r\n\t\t\t  \t<h2 class=\"timeline-title mobile\">Inaguraci\u00f3n de la segunda edici\u00f3n de la Escuela de Gobierno<\/h2>\r\n\t\t\t\t<div class=\"timeline-img\">\r\n\t\t\t  \t\t\t\t\t  \t<\/div>\r\n\t\t\t  \t<p class=\"timeline-text\">El 8 de abril lanzamos la segunda edici\u00f3n de la Escuela de Gobierno\u200b.<\/p>\r\n\t\t\t  \t<span class=\"timeline-ver-7-timeline__date timeline-info\">\r\n\t\t\t  \t\t2021\t\t\t  \t<\/span>\r\n\t\t\t  \t<h2 class=\"timeline-title\">Inaguraci\u00f3n de la segunda edici\u00f3n de la Escuela de Gobierno<\/h2>\r\n\t\t\t<\/div> \r\n\t\t\t<!-- timeline-ver-7-timeline__content -->\r\n\t  \t<\/div>\r\n\t  \t  \r\n\t<\/div>\r\n<\/div>\r\n<script type=\"text\/javascript\">\r\n  \/\/ Timeline Body Animations Below ===\r\n\tfunction VerticalTimeline(element) {\r\n\t    this.element = element;\r\n\t    this.blocks = this.element.getElementsByClassName(\"js-timeline-ver-7-block\");\r\n\t    this.images = this.element.getElementsByClassName(\"js-timeline-ver-7-img\");\r\n\t    this.contents = this.element.getElementsByClassName(\"js-timeline-ver-7-content\");\r\n\t    this.offset = 0.8;\r\n\t    this.hideBlocks();\r\n\t};\r\n\r\n\tVerticalTimeline.prototype.hideBlocks = function() {\r\n\t    \/\/hide timeline blocks which are outside the viewport\r\n\t    if (!\"classList\" in document.documentElement) {\r\n\t        return;\r\n\t    }\r\n\t    var self = this;\r\n\t    for (var i = 0; i < this.blocks.length; i++) {\r\n\t        (function(i) {\r\n\t            if (self.blocks[i].getBoundingClientRect().top > window.innerHeight * self.offset) {\r\n\t                self.images[i].classList.add(\"timeline-ver-7-is-hidden\");\r\n\t                self.contents[i].classList.add(\"timeline-ver-7-is-hidden\");\r\n\t            }\r\n\t        })(i);\r\n\t    }\r\n\t};\r\n\r\n\tVerticalTimeline.prototype.showBlocks = function() {\r\n\t    if (!\"classList\" in document.documentElement) {\r\n\t        return;\r\n\t    }\r\n\t    var self = this;\r\n\t    for (var i = 0; i < this.blocks.length; i++) {\r\n\t        (function(i) {\r\n\t            if (self.contents[i].classList.contains(\"timeline-ver-7-is-hidden\") && self.blocks[i].getBoundingClientRect().top <= window.innerHeight * self.offset) {\r\n\t                \/\/ add bounce-in animation\r\n\t                self.images[i].classList.add(\"timeline-ver-7-timeline__img--bounce-in\");\r\n\t                self.contents[i].classList.add(\"timeline-ver-7-timeline__content--bounce-in\");\r\n\t                self.images[i].classList.remove(\"timeline-ver-7-is-hidden\");\r\n\t                self.contents[i].classList.remove(\"timeline-ver-7-is-hidden\");\r\n\t            }\r\n\t        })(i);\r\n\t    }\r\n\t};\r\n\r\n\tvar verticalTimelines = document.getElementsByClassName(\"js-timeline-ver-7-timeline\"),\r\n\t    verticalTimelinesArray = [],\r\n\t    scrolling = false;\r\n\tif (verticalTimelines.length > 0) {\r\n\t    for (var i = 0; i < verticalTimelines.length; i++) {\r\n\t        (function(i) {\r\n\t            verticalTimelinesArray.push(new VerticalTimeline(verticalTimelines[i]));\r\n\t        })(i);\r\n\t    }\r\n\r\n\t    \/\/show timeline blocks on scrolling\r\n\t    window.addEventListener(\"scroll\", function(event) {\r\n\t        if (!scrolling) {\r\n\t            scrolling = true;\r\n\t            (!window.requestAnimationFrame) ? setTimeout(checkTimelineScroll, 250): window.requestAnimationFrame(checkTimelineScroll);\r\n\t        }\r\n\t    });\r\n\t}\r\n\r\n\tfunction checkTimelineScroll() {\r\n\t    verticalTimelinesArray.forEach(function(timeline) {\r\n\t        timeline.showBlocks();\r\n\t    });\r\n\t    scrolling = false;\r\n\t};\r\n<\/script><!-- [et_pb_line_break_holder] -->[\/et_pb_code][\/et_pb_column][\/et_pb_row][\/et_pb_section][et_pb_section fb_built=\u00bb1&#8243; disabled_on=\u00bbon|on|on\u00bb admin_label=\u00bbTestimonials\u00bb _builder_version=\u00bb4.4.7&#8243; custom_padding=\u00bb0|0px|0px|0px|false|false\u00bb disabled=\u00bbon\u00bb][et_pb_row column_structure=\u00bb2_5,3_5&#8243; use_custom_gutter=\u00bbon\u00bb gutter_width=\u00bb1&#8243; make_equal=\u00bbon\u00bb padding_top_bottom_link_2=\u00bbtrue\u00bb padding_left_right_link_2=\u00bbtrue\u00bb _builder_version=\u00bb4.4.7&#8243; width=\u00bb100%\u00bb max_width=\u00bb100%\u00bb custom_padding=\u00bb0|0px|0px|0px|false|false\u00bb use_custom_width=\u00bbon\u00bb width_unit=\u00bboff\u00bb custom_width_percent=\u00bb100%\u00bb][et_pb_column type=\u00bb2_5&#8243; _builder_version=\u00bb4.4.7&#8243; background_image=\u00bbhttps:\/\/frentenacionalperonista.com.ar\/web\/wp-content\/uploads\/2020\/05\/pf_1590365080.jpg\u00bb custom_padding=\u00bb||24vw|\u00bb background_last_edited=\u00bbon|phone\u00bb custom_padding__hover=\u00bb|||\u00bb][\/et_pb_column][et_pb_column type=\u00bb3_5&#8243; _builder_version=\u00bb3.25&#8243; custom_padding=\u00bb10vw|50px|10vw|50px\u00bb custom_padding_tablet=\u00bb\u00bb custom_padding_phone=\u00bb10vw|0px|10vw|0px|true|true\u00bb custom_padding_last_edited=\u00bbon|desktop\u00bb custom_padding__hover=\u00bb|||\u00bb][et_pb_slider _builder_version=\u00bb4.4.7&#8243; header_font=\u00bbRufina|500|||||||\u00bb header_text_color=\u00bb#000000&#8243; header_font_size=\u00bb40px\u00bb header_line_height=\u00bb1.4em\u00bb body_font=\u00bbRoboto Slab||||||||\u00bb body_text_color=\u00bbrgba(0,0,0,0.4)\u00bb body_font_size=\u00bb18px\u00bb body_line_height=\u00bb1.5em\u00bb background_color=\u00bbrgba(0,0,0,0)\u00bb custom_button=\u00bbon\u00bb button_text_size=\u00bb18px\u00bb button_text_color=\u00bb#ffffff\u00bb button_bg_color=\u00bb#171728&#8243; button_border_color=\u00bbrgba(0,0,0,0)\u00bb button_border_radius=\u00bb0px\u00bb button_font=\u00bbRoboto Slab||||||||\u00bb button_use_icon=\u00bboff\u00bb text_orientation=\u00bbleft\u00bb custom_padding=\u00bb45px|||||\u00bb auto=\u00bbon\u00bb header_font_size_tablet=\u00bb30px\u00bb header_font_size_phone=\u00bb20px\u00bb header_font_size_last_edited=\u00bbon|phone\u00bb header_text_shadow_style=\u00bbpreset1&#8243; header_text_shadow_color=\u00bbrgba(0,0,0,0)\u00bb body_font_size__hover=\u00bb14px\u00bb body_font_size__hover_enabled=\u00bb14px\u00bb body_letter_spacing__hover=\u00bb0px\u00bb body_letter_spacing__hover_enabled=\u00bb0px\u00bb body_line_height__hover=\u00bb1.7em\u00bb body_line_height__hover_enabled=\u00bb1.7em\u00bb body_text_shadow_style__hover=\u00bbnone\u00bb body_text_shadow_style__hover_enabled=\u00bbnone\u00bb body_text_shadow_color__hover=\u00bbrgba(0,0,0,0.4)\u00bb body_text_shadow_color__hover_enabled=\u00bbrgba(0,0,0,0.4)\u00bb body_orientation__hover=\u00bbleft\u00bb body_orientation__hover_enabled=\u00bbleft\u00bb button_bg_color__hover=\u00bb#4f4fb8&#8243; button_bg_color__hover_enabled=\u00bbon\u00bb][et_pb_slide heading=\u00bbPara conducir a un pueblo la primera condici\u00f3n es que uno haya salido del pueblo, que sienta y piense como el pueblo\u00bb _builder_version=\u00bb4.4.7&#8243; body_text_color=\u00bbrgba(0,0,0,0.4)\u00bb background_color=\u00bbrgba(0,0,0,0)\u00bb background_enable_color=\u00bbon\u00bb background_layout=\u00bblight\u00bb border_radii_image=\u00bbon|100%|100%|100%|100%\u00bb]<\/p>\n<p><strong>Juan Domingo Per\u00f3n<\/strong><\/p>\n<p>[\/et_pb_slide][et_pb_slide heading=\u00bbNo hay nada que sea m\u00e1s fuerte que un pueblo. Lo \u00fanico que se necesita es decidirlo a ser justo, libre y soberano\u00bb _builder_version=\u00bb4.4.7&#8243; background_layout=\u00bblight\u00bb]<\/p>\n<p><strong>Eva Per\u00f3n<\/strong><\/p>\n<p>[\/et_pb_slide][et_pb_slide heading=\u00bbNo pasar\u00e1n a la historia aquellos que especulen, sino los que m\u00e1s se la jueguen\u00bb _builder_version=\u00bb4.4.7&#8243; body_text_color=\u00bbrgba(0,0,0,0.4)\u00bb background_layout=\u00bblight\u00bb]<\/p>\n<p><strong>N\u00e9stor Kirchner<\/strong><\/p>\n<p>[\/et_pb_slide][et_pb_slide heading=\u00bbLo m\u00e1s importante es que sepamos que la Patria es el otro\u00bb _builder_version=\u00bb4.4.7&#8243; background_layout=\u00bblight\u00bb]<\/p>\n<p><strong>Cristina Fern\u00e1ndez de Kirchner<\/strong><\/p>\n<p>[\/et_pb_slide][et_pb_slide heading=\u00bbVengo a convocar a la unidad de toda la Argentina en pos de la construcci\u00f3n de un nuevo contrato social fraterno y solidario\u00bb _builder_version=\u00bb4.4.7&#8243; background_layout=\u00bblight\u00bb]<\/p>\n<p><strong>Alberto Fern\u00e1ndez<\/strong><\/p>\n<p>[\/et_pb_slide][\/et_pb_slider][\/et_pb_column][\/et_pb_row][\/et_pb_section]<\/p>\n","protected":false},"excerpt":{"rendered":"<p>[et_pb_section fb_built=\u00bb1&#8243; fullwidth=\u00bbon\u00bb admin_label=\u00bbHeader Section\u00bb _builder_version=\u00bb4.4.7&#8243; background_color=\u00bb#000000&#8243; custom_padding=\u00bb|||\u00bb collapsed=\u00bboff\u00bb][et_pb_fullwidth_header title=\u00bbFRENTE NACIONAL PERONISTA\u00bb text_orientation=\u00bbcenter\u00bb header_fullscreen=\u00bbon\u00bb header_scroll_down=\u00bbon\u00bb scroll_down_icon=\u00bb%%2%%\u00bb scroll_down_icon_color=\u00bb#ffffff\u00bb background_overlay_color=\u00bbrgba(0,0,0,0.4)\u00bb content_max_width_last_edited=\u00bboff|desktop\u00bb admin_label=\u00bbContents\u00bb _builder_version=\u00bb4.4.7&#8243; title_font=\u00bbOswald|||on|\u00bb title_text_align=\u00bbcenter\u00bb title_text_color=\u00bb#ffffff\u00bb title_font_size=\u00bb80px\u00bb title_letter_spacing=\u00bb0.05em\u00bb title_line_height=\u00bb1.5em\u00bb subhead_font=\u00bbNunito|600|||||||\u00bb subhead_font_size=\u00bb20px\u00bb subhead_line_height=\u00bb1.9em\u00bb background_image=\u00bbhttps:\/\/frentenacionalperonista.com.ar\/web\/wp-content\/uploads\/2020\/05\/WhatsApp-Image-2020-05-29-at-19.53.33.jpeg\u00bb parallax=\u00bbon\u00bb background_enable_video_mp4=\u00bboff\u00bb custom_button_one=\u00bbon\u00bb button_one_text_size=\u00bb15px\u00bb button_one_bg_color=\u00bb#dca57d\u00bb button_one_border_width=\u00bb10px\u00bb button_one_border_color=\u00bb#dca57d\u00bb button_one_border_radius=\u00bb0px\u00bb button_one_letter_spacing=\u00bb3px\u00bb button_one_font=\u00bbOswald|||on|\u00bb button_one_use_icon=\u00bboff\u00bb custom_padding=\u00bb||0px|||\u00bb animation_style=\u00bbfade\u00bb animation_starting_opacity=\u00bb50%\u00bb animation_speed_curve=\u00bbease-in\u00bb title_font_size_tablet=\u00bb60px\u00bb title_font_size_phone=\u00bb40px\u00bb title_font_size_last_edited=\u00bbon|desktop\u00bb button_one_border_color_hover=\u00bb#c99872&#8243; button_one_border_radius_hover=\u00bb0px\u00bb button_one_letter_spacing_hover=\u00bb3px\u00bb button_one_bg_color_hover=\u00bb#c99872&#8243; button_one_text_size__hover_enabled=\u00bboff\u00bb button_two_text_size__hover_enabled=\u00bboff\u00bb [&hellip;]<\/p>\n","protected":false},"author":2,"featured_media":0,"parent":0,"menu_order":0,"comment_status":"closed","ping_status":"closed","template":"","meta":{"_et_pb_use_builder":"on","_et_pb_old_content":"","_et_gb_content_width":""},"_links":{"self":[{"href":"https:\/\/frentenacionalperonista.com.ar\/web\/wp-json\/wp\/v2\/pages\/1872"}],"collection":[{"href":"https:\/\/frentenacionalperonista.com.ar\/web\/wp-json\/wp\/v2\/pages"}],"about":[{"href":"https:\/\/frentenacionalperonista.com.ar\/web\/wp-json\/wp\/v2\/types\/page"}],"author":[{"embeddable":true,"href":"https:\/\/frentenacionalperonista.com.ar\/web\/wp-json\/wp\/v2\/users\/2"}],"replies":[{"embeddable":true,"href":"https:\/\/frentenacionalperonista.com.ar\/web\/wp-json\/wp\/v2\/comments?post=1872"}],"version-history":[{"count":32,"href":"https:\/\/frentenacionalperonista.com.ar\/web\/wp-json\/wp\/v2\/pages\/1872\/revisions"}],"predecessor-version":[{"id":2940,"href":"https:\/\/frentenacionalperonista.com.ar\/web\/wp-json\/wp\/v2\/pages\/1872\/revisions\/2940"}],"wp:attachment":[{"href":"https:\/\/frentenacionalperonista.com.ar\/web\/wp-json\/wp\/v2\/media?parent=1872"}],"curies":[{"name":"wp","href":"https:\/\/api.w.org\/{rel}","templated":true}]}}