{"id":9,"date":"2020-05-24T19:12:19","date_gmt":"2020-05-24T22:12:19","guid":{"rendered":"https:\/\/frentenacionalperonista.com.ar\/web\/?page_id=9"},"modified":"2023-10-04T13:05:18","modified_gmt":"2023-10-04T16:05:18","slug":"9-2","status":"publish","type":"page","link":"https:\/\/frentenacionalperonista.com.ar\/web\/","title":{"rendered":"PORTADA"},"content":{"rendered":"<p>[et_pb_section fb_built=\u00bb1&#8243; fullwidth=\u00bbon\u00bb disabled_on=\u00bboff|off|off\u00bb admin_label=\u00bbHeader Section\u00bb _builder_version=\u00bb4.4.7&#8243; background_color=\u00bb#000000&#8243; custom_padding=\u00bb|||\u00bb collapsed=\u00bboff\u00bb][et_pb_fullwidth_header title=\u00bbUN ESPACIO DE POL\u00edTICA y GESTi\u00d3N\u00bb text_orientation=\u00bbcenter\u00bb header_fullscreen=\u00bbon\u00bb header_scroll_down=\u00bbon\u00bb scroll_down_icon=\u00bb%%2%%\u00bb scroll_down_icon_color=\u00bb#ffffff\u00bb background_overlay_color=\u00bbrgba(0,0,0,0.4)\u00bb content_max_width_last_edited=\u00bboff|desktop\u00bb disabled_on=\u00bboff|off|off\u00bb admin_label=\u00bbContents\u00bb _builder_version=\u00bb4.4.7&#8243; title_font=\u00bbOswald|||on|\u00bb title_text_align=\u00bbcenter\u00bb title_text_color=\u00bbrgba(0,0,0,0)\u00bb title_font_size=\u00bb80px\u00bb title_letter_spacing=\u00bb0.05em\u00bb title_line_height=\u00bb1.5em\u00bb subhead_font=\u00bbNunito|600|||||||\u00bb subhead_font_size=\u00bb20px\u00bb subhead_line_height=\u00bb1.9em\u00bb background_enable_color=\u00bboff\u00bb background_image=\u00bbhttps:\/\/frentenacionalperonista.com.ar\/web\/wp-content\/uploads\/2020\/05\/WhatsApp-Image-2020-05-29-at-19.53.33.jpeg\u00bb parallax=\u00bbon\u00bb background_enable_video_mp4=\u00bboff\u00bb background_video_pause_outside_viewport=\u00bboff\u00bb custom_button_one=\u00bbon\u00bb button_one_text_size=\u00bb15px\u00bb button_one_bg_color=\u00bb#dca57d\u00bb button_one_border_width=\u00bb10px\u00bb button_one_border_color=\u00bb#dca57d\u00bb button_one_border_radius=\u00bb0px\u00bb button_one_letter_spacing=\u00bb3px\u00bb button_one_font=\u00bbOswald|||on|\u00bb button_one_use_icon=\u00bboff\u00bb custom_padding=\u00bb||0px|||\u00bb animation_style=\u00bbfade\u00bb animation_starting_opacity=\u00bb50%\u00bb animation_speed_curve=\u00bbease-in\u00bb title_font_size_tablet=\u00bb60px\u00bb title_font_size_phone=\u00bb40px\u00bb title_font_size_last_edited=\u00bbon|desktop\u00bb text_shadow_style=\u00bbpreset1&#8243; text_shadow_color=\u00bb#ffffff\u00bb button_one_border_color_hover=\u00bb#c99872&#8243; button_one_border_radius_hover=\u00bb0px\u00bb button_one_letter_spacing_hover=\u00bb3px\u00bb button_one_bg_color_hover=\u00bb#c99872&#8243; button_one_text_size__hover_enabled=\u00bboff\u00bb button_two_text_size__hover_enabled=\u00bboff\u00bb button_one_text_color__hover_enabled=\u00bboff\u00bb button_two_text_color__hover_enabled=\u00bboff\u00bb button_one_border_width__hover_enabled=\u00bboff\u00bb button_two_border_width__hover_enabled=\u00bboff\u00bb button_one_border_color__hover_enabled=\u00bbon\u00bb button_one_border_color__hover=\u00bb#c99872&#8243; button_two_border_color__hover_enabled=\u00bboff\u00bb button_one_border_radius__hover_enabled=\u00bbon\u00bb button_one_border_radius__hover=\u00bb0px\u00bb button_two_border_radius__hover_enabled=\u00bboff\u00bb button_one_letter_spacing__hover_enabled=\u00bbon\u00bb button_one_letter_spacing__hover=\u00bb3px\u00bb button_two_letter_spacing__hover_enabled=\u00bboff\u00bb button_one_bg_color__hover_enabled=\u00bbon\u00bb button_one_bg_color__hover=\u00bb#c99872&#8243; button_two_bg_color__hover_enabled=\u00bboff\u00bb][\/et_pb_fullwidth_header][\/et_pb_section][et_pb_section fb_built=\u00bb1&#8243; disabled_on=\u00bboff|off|off\u00bb admin_label=\u00bbACERCA DE\u00bb _builder_version=\u00bb4.4.7&#8243; background_color=\u00bb#ffffff\u00bb background_enable_image=\u00bboff\u00bb custom_padding=\u00bb0px|0px|15px|0px||\u00bb saved_tabs=\u00bball\u00bb collapsed=\u00bboff\u00bb][et_pb_row column_structure=\u00bb1_4,3_4&#8243; disabled_on=\u00bboff|off|off\u00bb admin_label=\u00bbVideo Row\u00bb _builder_version=\u00bb4.4.7&#8243; custom_padding=\u00bb27px||0px|||\u00bb][et_pb_column type=\u00bb1_4&#8243; _builder_version=\u00bb3.25&#8243; custom_padding=\u00bb|||\u00bb custom_padding__hover=\u00bb|||\u00bb][et_pb_text disabled_on=\u00bboff|off|off\u00bb admin_label=\u00bbTittle\u00bb _builder_version=\u00bb4.4.7&#8243; text_font=\u00bbOswald||||||||\u00bb text_text_color=\u00bb#b61a03&#8243; text_font_size=\u00bb30px\u00bb header_font_size=\u00bb60px\u00bb header_2_font=\u00bbOswald|||on|||||\u00bb header_2_text_align=\u00bbcenter\u00bb header_2_font_size=\u00bb40px\u00bb header_2_letter_spacing=\u00bb2px\u00bb header_2_line_height=\u00bb1.5em\u00bb text_orientation=\u00bbcenter\u00bb background_layout=\u00bbdark\u00bb max_width=\u00bb1100px\u00bb module_alignment=\u00bbcenter\u00bb custom_margin=\u00bb-2px||-19px|||\u00bb custom_padding=\u00bb0px||0px|||\u00bb inline_fonts=\u00bbOswald\u00bb]<\/p>\n<p><a href=\"https:\/\/frentenacionalperonista.com.ar\/web\/wp-content\/uploads\/2021\/04\/FNP_fondo.jpg\"><\/a><img loading=\"lazy\" src=\"https:\/\/frentenacionalperonista.com.ar\/web\/wp-content\/uploads\/2021\/04\/FNP_fondo.jpg\" width=\"281\" height=\"351\" alt=\"\" class=\"wp-image-2268 alignnone size-full\" \/><\/p>\n<p>[\/et_pb_text][\/et_pb_column][et_pb_column type=\u00bb3_4&#8243; _builder_version=\u00bb3.25&#8243; custom_padding=\u00bb|||\u00bb custom_padding__hover=\u00bb|||\u00bb][et_pb_text disabled_on=\u00bboff|off|off\u00bb admin_label=\u00bbtexts\u00bb _builder_version=\u00bb4.4.7&#8243; text_font=\u00bbNunito||||||||\u00bb text_text_color=\u00bb#000000&#8243; text_font_size=\u00bb18px\u00bb text_line_height=\u00bb1.8em\u00bb header_font=\u00bbOswald||||\u00bb header_font_size=\u00bb16px\u00bb header_letter_spacing=\u00bb2px\u00bb header_line_height=\u00bb1.7em\u00bb text_orientation=\u00bbcenter\u00bb width=\u00bb100%\u00bb max_width=\u00bb800px\u00bb max_width_tablet=\u00bb\u00bb max_width_phone=\u00bb\u00bb max_width_last_edited=\u00bbon|phone\u00bb module_alignment=\u00bbcenter\u00bb custom_margin=\u00bb-30px|34px|0px|||\u00bb custom_padding=\u00bb14px||0px||false|false\u00bb]<\/p>\n<p style=\"text-align: justify;\"><span>Fue impulsado por el <strong>Dr. N\u00e9stor Kirchner<\/strong>, quien so\u00f1aba con un espacio en el que peronistas, j\u00f3venes, intelectuales, empresarios, acad\u00e9micos y pol\u00edticos, pudieran reunirse para profundizar el camino hacia una Argentina nacional y popular.\u00a0<\/span><span><strong>Desde el a\u00f1o 2010 funcionamos como un espacio de debate, encuentro y reflexi\u00f3n<\/strong>, que busca proyectar pol\u00edticas p\u00fablicas inclusivas, generando nuevos modos de hacer gesti\u00f3n, para poder cambiar la realidad de todos los argentinos.\u00a0\u00a0<\/span><span>Buscamos <strong>propiciar la iniciativa de seguir transformando y generando los cuadros pol\u00edticos que la patria necesita<\/strong>, construyendo espacios para la reflexi\u00f3n y elaboraci\u00f3n de ideas, que permitan un presente m\u00e1s s\u00f3lido y un futuro promisorio.<\/span><\/p>\n<p style=\"text-align: justify;\">[\/et_pb_text][\/et_pb_column][\/et_pb_row][et_pb_row _builder_version=\u00bb4.4.7&#8243; custom_margin=\u00bb|auto|-91px|auto||\u00bb custom_padding=\u00bb0px|||||\u00bb][et_pb_column type=\u00bb4_4&#8243; _builder_version=\u00bb4.4.7&#8243;][et_pb_divider _builder_version=\u00bb4.4.7&#8243;][\/et_pb_divider][et_pb_slider disabled_on=\u00bboff|off|off\u00bb _builder_version=\u00bb4.4.7&#8243; header_level=\u00bbh1&#8243; header_font=\u00bbRufina|500|||||||\u00bb header_text_color=\u00bb#000000&#8243; header_font_size=\u00bb40px\u00bb header_line_height=\u00bb1.4em\u00bb body_font=\u00bbRoboto Slab||||||||\u00bb body_text_color=\u00bbrgba(0,0,0,0.4)\u00bb body_font_size=\u00bb18px\u00bb body_line_height=\u00bb1.5em\u00bb background_color=\u00bbrgba(0,0,0,0)\u00bb custom_button=\u00bbon\u00bb button_text_size=\u00bb18px\u00bb button_text_color=\u00bb#ffffff\u00bb button_bg_color=\u00bb#171728&#8243; button_border_color=\u00bbrgba(0,0,0,0)\u00bb button_border_radius=\u00bb0px\u00bb button_font=\u00bbRoboto Slab||||||||\u00bb button_use_icon=\u00bboff\u00bb text_orientation=\u00bbleft\u00bb min_height=\u00bb149px\u00bb custom_padding=\u00bb2px||4px||false|false\u00bb auto=\u00bbon\u00bb hover_enabled=\u00bb0&#8243; header_font_size_tablet=\u00bb30px\u00bb header_font_size_phone=\u00bb20px\u00bb header_font_size_last_edited=\u00bbon|phone\u00bb header_text_shadow_style=\u00bbpreset1&#8243; header_text_shadow_color=\u00bbrgba(0,0,0,0)\u00bb body_font_size__hover=\u00bb14px\u00bb body_font_size__hover_enabled=\u00bb14px\u00bb body_letter_spacing__hover=\u00bb0px\u00bb body_letter_spacing__hover_enabled=\u00bb0px\u00bb body_line_height__hover=\u00bb1.7em\u00bb body_line_height__hover_enabled=\u00bb1.7em\u00bb body_text_shadow_style__hover=\u00bbnone\u00bb body_text_shadow_style__hover_enabled=\u00bbnone\u00bb body_text_shadow_color__hover=\u00bbrgba(0,0,0,0.4)\u00bb body_text_shadow_color__hover_enabled=\u00bbrgba(0,0,0,0.4)\u00bb body_orientation__hover=\u00bbleft\u00bb body_orientation__hover_enabled=\u00bbleft\u00bb button_bg_color__hover=\u00bb#4f4fb8&#8243; button_bg_color__hover_enabled=\u00bbon\u00bb][et_pb_slide heading=\u00bb%22No pasar\u00e1n a la historia aquellos que especulen, sino los que m\u00e1s se la jueguen%22&#8243; _builder_version=\u00bb4.4.7&#8243; body_text_color=\u00bbrgba(0,0,0,0.4)\u00bb background_layout=\u00bblight\u00bb]<\/p>\n<p><strong>N\u00e9stor Kirchner\u00a0(9\/9\/2010 &#8211; Inaguraci\u00f3n del Frente Nacional Peronista)<\/strong><\/p>\n<p>[\/et_pb_slide][et_pb_slide heading=\u00bb\u201cFormar a los compa\u00f1eros y compa\u00f1eras, a los ciudadanos y ciudadanas, que se acerquen a un partido pol\u00edtico como el peronismo, es necesario\u201d\u00bb _builder_version=\u00bb4.4.7&#8243; background_layout=\u00bblight\u00bb]<\/p>\n<p><strong>M\u00e1ximo Kirchner\u00a0(8\/4\/2021 &#8211; Inaguraci\u00f3n de la segunda Edici\u00f3n de la Escuela de Gobierno)<\/strong><\/p>\n<p>[\/et_pb_slide][\/et_pb_slider][et_pb_divider _builder_version=\u00bb4.4.7&#8243;][\/et_pb_divider][\/et_pb_column][\/et_pb_row][\/et_pb_section][et_pb_section fb_built=\u00bb1&#8243; disabled_on=\u00bboff|off|off\u00bb admin_label=\u00bbACERCA DE\u00bb _builder_version=\u00bb4.4.7&#8243; background_enable_color=\u00bboff\u00bb background_enable_image=\u00bboff\u00bb custom_padding=\u00bb66px|0px|0px|0px||\u00bb saved_tabs=\u00bball\u00bb collapsed=\u00bboff\u00bb][et_pb_row admin_label=\u00bbVideo Row\u00bb _builder_version=\u00bb4.4.7&#8243; custom_padding=\u00bb0px|||||\u00bb][et_pb_column type=\u00bb4_4&#8243; _builder_version=\u00bb3.25&#8243; custom_padding=\u00bb|||\u00bb custom_padding__hover=\u00bb|||\u00bb][et_pb_text admin_label=\u00bbTittle\u00bb _builder_version=\u00bb4.4.7&#8243; header_2_font=\u00bbOswald|||on|||||\u00bb header_2_text_align=\u00bbcenter\u00bb header_2_font_size=\u00bb40px\u00bb header_2_letter_spacing=\u00bb2px\u00bb header_2_line_height=\u00bb1.5em\u00bb background_layout=\u00bbdark\u00bb max_width=\u00bb1100px\u00bb module_alignment=\u00bbcenter\u00bb min_height=\u00bb79px\u00bb custom_margin=\u00bb0px||21px||false|false\u00bb custom_padding=\u00bb||0px|||\u00bb]<\/p>\n<h2><span style=\"color: #1e2453;\">ESCUELA DE GOBIERNO &#8211; A\u00d1O 2023<\/span><\/h2>\n<p>[\/et_pb_text][et_pb_text disabled_on=\u00bboff|off|off\u00bb admin_label=\u00bbtexts\u00bb _builder_version=\u00bb4.4.7&#8243; text_font=\u00bbNunito||||||||\u00bb text_text_color=\u00bb#ffffff\u00bb text_font_size=\u00bb18px\u00bb text_line_height=\u00bb1.8em\u00bb header_font=\u00bbOswald||||\u00bb header_font_size=\u00bb16px\u00bb header_letter_spacing=\u00bb2px\u00bb header_line_height=\u00bb1.7em\u00bb text_orientation=\u00bbcenter\u00bb width=\u00bb100%\u00bb max_width=\u00bb800px\u00bb max_width_tablet=\u00bb\u00bb max_width_phone=\u00bb\u00bb max_width_last_edited=\u00bbon|phone\u00bb module_alignment=\u00bbcenter\u00bb min_height=\u00bb248px\u00bb custom_margin=\u00bb-30px|||\u00bb custom_padding=\u00bb10px||||false|false\u00bb]<\/p>\n<p style=\"text-align: justify;\"><span style=\"color: #000000;\">Desde el <strong>Frente Nacional Peronista<\/strong> nos proponemos invitarte a participar de la tercera edici\u00f3n de nuestra Escuela de Gobierno para el a\u00f1o 2023.\u00a0<\/span><\/p>\n<p style=\"text-align: justify;\"><span style=\"color: #000000;\">La Escuela de Gobierno es un programa de formaci\u00f3n en Gesti\u00f3n P\u00fablica Provincial y Municipal que es dictado por compa\u00f1eros y compa\u00f1eras docentes provenientes del mundo acad\u00e9mico y de la pol\u00edtica con fuerte experiencia en la gesti\u00f3n p\u00fablica.<\/span><\/p>\n<p style=\"text-align: justify;\"><span style=\"color: #000000;\">Esta nueva edici\u00f3n \u00ab<em>Ciclo Logros y Desaf\u00edos a 40 a\u00f1os de la Recuperaci\u00f3n Democr\u00e1tica<\/em>\u00bb se desarrollar\u00e1 completamente bajo modalidad virtual, ofreciendo a los estudiantes una propuesta formativa con la posibilidad de obtener certificaci\u00f3n.<\/span><\/p>\n<p>[\/et_pb_text][\/et_pb_column][\/et_pb_row][\/et_pb_section][et_pb_section fb_built=\u00bb1&#8243; disabled_on=\u00bboff|off|off\u00bb admin_label=\u00bbACERCA DE\u00bb _builder_version=\u00bb4.4.7&#8243; background_color=\u00bb#5d8cc9&#8243; min_height=\u00bb108px\u00bb custom_margin=\u00bb||3px||false|false\u00bb custom_padding=\u00bb0px|0px|0px|0px|false|false\u00bb saved_tabs=\u00bball\u00bb collapsed=\u00bboff\u00bb][et_pb_row admin_label=\u00bbVideo Row\u00bb _builder_version=\u00bb4.4.7&#8243; custom_margin=\u00bb-13px|auto||auto||\u00bb custom_padding=\u00bb0px|||||\u00bb][et_pb_column type=\u00bb4_4&#8243; _builder_version=\u00bb3.25&#8243; custom_padding=\u00bb|||\u00bb custom_padding__hover=\u00bb|||\u00bb][et_pb_button button_url=\u00bbhttps:\/\/frentenacionalperonista.com.ar\/web\/escuela-de-gobierno-2023\/\u00bb button_text=\u00bb\u00a1EST\u00c1 ABIERTA LA INSCRIPCI\u00d3N A LA TERCERA EDICI\u00d3N DE LA ESCUELA DE GOBIERNO &#8211; A\u00d1O 2023!\u00bb button_alignment=\u00bbcenter\u00bb disabled_on=\u00bboff|off|off\u00bb _builder_version=\u00bb4.4.7&#8243; custom_button=\u00bbon\u00bb button_text_size=\u00bb20px\u00bb button_text_color=\u00bb#5D8CC9&#8243; button_bg_color=\u00bb#ffffff\u00bb button_border_width=\u00bb0px\u00bb button_border_color=\u00bb#ffffff\u00bb button_border_radius=\u00bb100px\u00bb button_letter_spacing=\u00bb0px\u00bb button_font=\u00bb|700||on|||||\u00bb button_use_icon=\u00bboff\u00bb custom_margin=\u00bb40px|||||\u00bb animation_style=\u00bbbounce\u00bb box_shadow_style=\u00bbpreset2&#8243; button_border_color_hover=\u00bb#c99872&#8243; button_border_radius_hover=\u00bb0px\u00bb button_letter_spacing_hover=\u00bb3px\u00bb button_bg_color_hover=\u00bb#c99872&#8243; locked=\u00bboff\u00bb button_text_size__hover_enabled=\u00bboff\u00bb button_one_text_size__hover_enabled=\u00bboff\u00bb button_two_text_size__hover_enabled=\u00bboff\u00bb button_text_color__hover_enabled=\u00bboff\u00bb button_one_text_color__hover_enabled=\u00bboff\u00bb button_two_text_color__hover_enabled=\u00bboff\u00bb button_border_width__hover_enabled=\u00bboff\u00bb button_one_border_width__hover_enabled=\u00bboff\u00bb button_two_border_width__hover_enabled=\u00bboff\u00bb button_border_color__hover_enabled=\u00bbon|hover\u00bb button_border_color__hover=\u00bb#ffffff\u00bb button_one_border_color__hover_enabled=\u00bboff\u00bb button_two_border_color__hover_enabled=\u00bboff\u00bb button_border_radius__hover_enabled=\u00bbon|hover\u00bb button_border_radius__hover=\u00bb100px\u00bb button_one_border_radius__hover_enabled=\u00bboff\u00bb button_two_border_radius__hover_enabled=\u00bboff\u00bb button_letter_spacing__hover_enabled=\u00bbon|hover\u00bb button_letter_spacing__hover=\u00bb1px\u00bb button_one_letter_spacing__hover_enabled=\u00bboff\u00bb button_two_letter_spacing__hover_enabled=\u00bboff\u00bb button_bg_color__hover_enabled=\u00bbon|hover\u00bb button_bg_color__hover=\u00bb#ffffff\u00bb button_one_bg_color__hover_enabled=\u00bboff\u00bb button_two_bg_color__hover_enabled=\u00bboff\u00bb button_bg_enable_color__hover=\u00bbon\u00bb][\/et_pb_button][\/et_pb_column][\/et_pb_row][\/et_pb_section][et_pb_section fb_built=\u00bb1&#8243; disabled_on=\u00bbon|on|on\u00bb admin_label=\u00bbACERCA DE\u00bb _builder_version=\u00bb4.4.7&#8243; background_enable_color=\u00bboff\u00bb background_enable_image=\u00bboff\u00bb custom_padding=\u00bb66px|0px|0px|0px||\u00bb disabled=\u00bbon\u00bb saved_tabs=\u00bball\u00bb collapsed=\u00bboff\u00bb][et_pb_row admin_label=\u00bbVideo Row\u00bb _builder_version=\u00bb4.4.7&#8243; custom_padding=\u00bb0px|||||\u00bb][et_pb_column type=\u00bb4_4&#8243; _builder_version=\u00bb3.25&#8243; custom_padding=\u00bb|||\u00bb custom_padding__hover=\u00bb|||\u00bb][et_pb_text admin_label=\u00bbTittle\u00bb _builder_version=\u00bb4.4.7&#8243; header_2_font=\u00bbOswald|||on|||||\u00bb header_2_text_align=\u00bbcenter\u00bb header_2_font_size=\u00bb40px\u00bb header_2_letter_spacing=\u00bb2px\u00bb header_2_line_height=\u00bb1.5em\u00bb background_layout=\u00bbdark\u00bb max_width=\u00bb1100px\u00bb module_alignment=\u00bbcenter\u00bb min_height=\u00bb110px\u00bb custom_margin=\u00bb0px||21px||false|false\u00bb custom_padding=\u00bb||14px|||\u00bb]<\/p>\n<h2><span style=\"color: #1e2453;\">SEMINARIO &#8211; A\u00d1O 2022<\/span><\/h2>\n<p>[\/et_pb_text][et_pb_text disabled_on=\u00bboff|off|off\u00bb admin_label=\u00bbtexts\u00bb _builder_version=\u00bb4.4.7&#8243; text_font=\u00bbNunito||||||||\u00bb text_text_color=\u00bb#ffffff\u00bb text_font_size=\u00bb18px\u00bb text_line_height=\u00bb1.8em\u00bb header_font=\u00bbOswald||||\u00bb header_font_size=\u00bb16px\u00bb header_letter_spacing=\u00bb2px\u00bb header_line_height=\u00bb1.7em\u00bb text_orientation=\u00bbcenter\u00bb width=\u00bb100%\u00bb max_width=\u00bb800px\u00bb max_width_tablet=\u00bb\u00bb max_width_phone=\u00bb\u00bb max_width_last_edited=\u00bbon|phone\u00bb module_alignment=\u00bbcenter\u00bb min_height=\u00bb228px\u00bb custom_margin=\u00bb-30px|||\u00bb custom_padding=\u00bb10px||||false|false\u00bb]<\/p>\n<p><span style=\"color: #000000;\">Desde el <strong>Frente Nacional Peronista<\/strong> te invitamos a participar del <strong>Seminario \u00ab<em>Comunicaci\u00f3n pol\u00edtica, una actualizaci\u00f3n con perspectiva nacional<\/em>\u00ab<\/strong>, dirigido a dirigentes y militantes peronistas, integrantes de organismos y\/o equipos de comunicaci\u00f3n, e interesados en la materia.<\/span><\/p>\n<p><span style=\"color: #000000;\">El seminario, que se brinda de manera gratuita, forma parte de la propuesta de formaci\u00f3n para el a\u00f1o 2022 y ser\u00e1 dictado por Gast\u00f3n Garriga (licenciado en comunicaci\u00f3n social, consultor, docente, miembro fundador de Grupo Nomeolvides).<\/span><\/p>\n<p style=\"padding-left: 30px;\">[\/et_pb_text][et_pb_text disabled_on=\u00bbon|on|off\u00bb admin_label=\u00bbtexts\u00bb _builder_version=\u00bb4.4.7&#8243; text_font=\u00bbNunito||||||||\u00bb text_text_color=\u00bb#ffffff\u00bb text_font_size=\u00bb18px\u00bb text_line_height=\u00bb1.8em\u00bb header_font=\u00bbOswald||||\u00bb header_font_size=\u00bb16px\u00bb header_letter_spacing=\u00bb2px\u00bb header_line_height=\u00bb1.7em\u00bb background_image=\u00bbhttps:\/\/frentenacionalperonista.com.ar\/web\/wp-content\/uploads\/2022\/04\/FNP_Seminario.jpeg\u00bb text_orientation=\u00bbcenter\u00bb width=\u00bb100%\u00bb max_width=\u00bb800px\u00bb max_width_tablet=\u00bb\u00bb max_width_phone=\u00bb\u00bb max_width_last_edited=\u00bbon|phone\u00bb module_alignment=\u00bbcenter\u00bb min_height=\u00bb1477.4px\u00bb custom_margin=\u00bb-30px||29px|||\u00bb custom_padding=\u00bb||495px||false|false\u00bb link_option_url=\u00bbhttps:\/\/frentenacionalperonista.com.ar\/web\/seminarios\/\u00bb][\/et_pb_text][\/et_pb_column][\/et_pb_row][\/et_pb_section][et_pb_section fb_built=\u00bb1&#8243; disabled_on=\u00bbon|on|on\u00bb _builder_version=\u00bb4.4.7&#8243; min_height=\u00bb745px\u00bb custom_padding=\u00bb0px|||||\u00bb disabled=\u00bbon\u00bb][et_pb_row _builder_version=\u00bb4.4.7&#8243; min_height=\u00bb597px\u00bb][et_pb_column type=\u00bb4_4&#8243; _builder_version=\u00bb4.4.7&#8243;][et_pb_text admin_label=\u00bbTittle\u00bb _builder_version=\u00bb4.4.7&#8243; header_2_font=\u00bbOswald|||on|||||\u00bb header_2_text_align=\u00bbcenter\u00bb header_2_font_size=\u00bb40px\u00bb header_2_letter_spacing=\u00bb2px\u00bb header_2_line_height=\u00bb1.5em\u00bb background_layout=\u00bbdark\u00bb max_width=\u00bb797px\u00bb module_alignment=\u00bbcenter\u00bb min_height=\u00bb110px\u00bb custom_margin=\u00bb0px||0px||false|false\u00bb]<\/p>\n<h2><span style=\"color: #1e2453;\">IM\u00c1GENES DE LA EDICI\u00d3N 2020<\/span><\/h2>\n<p>[\/et_pb_text][et_pb_gallery gallery_ids=\u00bb2012,2013,2014,2015,2016,2017,2018,2019,2020&#8243; fullwidth=\u00bbon\u00bb _builder_version=\u00bb4.4.7&#8243; width=\u00bb60%\u00bb module_alignment=\u00bbcenter\u00bb][\/et_pb_gallery][\/et_pb_column][\/et_pb_row][\/et_pb_section]<\/p>\n","protected":false},"excerpt":{"rendered":"<p>[et_pb_section fb_built=\u00bb1&#8243; fullwidth=\u00bbon\u00bb disabled_on=\u00bboff|off|off\u00bb admin_label=\u00bbHeader Section\u00bb _builder_version=\u00bb4.4.7&#8243; background_color=\u00bb#000000&#8243; custom_padding=\u00bb|||\u00bb collapsed=\u00bboff\u00bb][et_pb_fullwidth_header title=\u00bbUN ESPACIO DE POL\u00edTICA y GESTi\u00d3N\u00bb text_orientation=\u00bbcenter\u00bb header_fullscreen=\u00bbon\u00bb header_scroll_down=\u00bbon\u00bb scroll_down_icon=\u00bb%%2%%\u00bb scroll_down_icon_color=\u00bb#ffffff\u00bb background_overlay_color=\u00bbrgba(0,0,0,0.4)\u00bb content_max_width_last_edited=\u00bboff|desktop\u00bb disabled_on=\u00bboff|off|off\u00bb admin_label=\u00bbContents\u00bb _builder_version=\u00bb4.4.7&#8243; title_font=\u00bbOswald|||on|\u00bb title_text_align=\u00bbcenter\u00bb title_text_color=\u00bbrgba(0,0,0,0)\u00bb title_font_size=\u00bb80px\u00bb title_letter_spacing=\u00bb0.05em\u00bb title_line_height=\u00bb1.5em\u00bb subhead_font=\u00bbNunito|600|||||||\u00bb subhead_font_size=\u00bb20px\u00bb subhead_line_height=\u00bb1.9em\u00bb background_enable_color=\u00bboff\u00bb background_image=\u00bbhttps:\/\/frentenacionalperonista.com.ar\/web\/wp-content\/uploads\/2020\/05\/WhatsApp-Image-2020-05-29-at-19.53.33.jpeg\u00bb parallax=\u00bbon\u00bb background_enable_video_mp4=\u00bboff\u00bb background_video_pause_outside_viewport=\u00bboff\u00bb custom_button_one=\u00bbon\u00bb button_one_text_size=\u00bb15px\u00bb button_one_bg_color=\u00bb#dca57d\u00bb button_one_border_width=\u00bb10px\u00bb button_one_border_color=\u00bb#dca57d\u00bb button_one_border_radius=\u00bb0px\u00bb button_one_letter_spacing=\u00bb3px\u00bb button_one_font=\u00bbOswald|||on|\u00bb button_one_use_icon=\u00bboff\u00bb custom_padding=\u00bb||0px|||\u00bb animation_style=\u00bbfade\u00bb animation_starting_opacity=\u00bb50%\u00bb animation_speed_curve=\u00bbease-in\u00bb title_font_size_tablet=\u00bb60px\u00bb title_font_size_phone=\u00bb40px\u00bb [&hellip;]<\/p>\n","protected":false},"author":2,"featured_media":0,"parent":0,"menu_order":0,"comment_status":"closed","ping_status":"closed","template":"","meta":{"_et_pb_use_builder":"on","_et_pb_old_content":"","_et_gb_content_width":""},"_links":{"self":[{"href":"https:\/\/frentenacionalperonista.com.ar\/web\/wp-json\/wp\/v2\/pages\/9"}],"collection":[{"href":"https:\/\/frentenacionalperonista.com.ar\/web\/wp-json\/wp\/v2\/pages"}],"about":[{"href":"https:\/\/frentenacionalperonista.com.ar\/web\/wp-json\/wp\/v2\/types\/page"}],"author":[{"embeddable":true,"href":"https:\/\/frentenacionalperonista.com.ar\/web\/wp-json\/wp\/v2\/users\/2"}],"replies":[{"embeddable":true,"href":"https:\/\/frentenacionalperonista.com.ar\/web\/wp-json\/wp\/v2\/comments?post=9"}],"version-history":[{"count":280,"href":"https:\/\/frentenacionalperonista.com.ar\/web\/wp-json\/wp\/v2\/pages\/9\/revisions"}],"predecessor-version":[{"id":2939,"href":"https:\/\/frentenacionalperonista.com.ar\/web\/wp-json\/wp\/v2\/pages\/9\/revisions\/2939"}],"wp:attachment":[{"href":"https:\/\/frentenacionalperonista.com.ar\/web\/wp-json\/wp\/v2\/media?parent=9"}],"curies":[{"name":"wp","href":"https:\/\/api.w.org\/{rel}","templated":true}]}}